1)?
-8
Evaluate -25 - (-7 - 38) - (7 - -1).
12
Calculate (1 - -11 - 2 - 8) + -10.
-8
What is the value of 1467 - 1451 - (5 - -1)?
10
What is the value of -7 + 10 + (0 + -5 - -9) + 5?
12
Calculate 2 + -1 + 10 + (-6 + 10 - 6).
9
Calculate -8 - (-1 + -7 - (26 + -21)).
5
Evaluate -15 - -10 - (0 + -8).
3
What is the value of -5 + (20 + -18 - (-2 + 9))?
-10
Calculate -10 + (-6 - -4) + 15 - -11.
14
Calculate 11 - (-4 - -8 - -4 - 0).
3
What is the value of (15 - (15 + -5 + -10)) + -13?
2
What is -13 + 4 + 12 + 4 - (1 - -5)?
1
What is -1 + -5 - (-1 + 13 + -8)?
-10
Calculate 12 - (-291 - -302 - (18 + -1)).
18
Evaluate -8 + 2 - (-13 - (8 + -14)).
1
What is (-22 - (-6 - 6)) + 16 + 2 + -1?
7
-59 + -12 + 91 - (1 - -1)
18
(322 - 368) + 68 + 0
22
Calculate 4 + (10 - 8) + 12 - -19.
37
Calculate (4 - 7) + (-3 - -3 - 1) + -4.
-8
-17 + (35 - (-14 + 26))
6
Evaluate (1 - -21) + (-13 - (-2 - 11)) + -7.
15
What is 16 + (-52 - -22) + -17?
-31
What is the value of (27 - -1) + (45 - 41 - (-4 + -2))?
38
What is the value of 28 + (47 - 79) - (4 - 2)?
-6
(-2 - 6) + 39 + -1 + -119 + 114
25
Calculate -2 - 5 - (-4 + 1 + -19 + -5).
20
Calculate 5 + -1 - (14 + -2 - 13) - 1.
4
Calculate 0 + -12 - (10 + -33 + 2).
9
What is -27 + 44 + -26 + 1?
-8
Calculate -11 + 9 + (8 - -8) + -29.
-15
Evaluate (25 - 20) + (0 - 5) + (-2 - -3).
1
Calculate (31 - 24) + 44 + -30.
21
Calculate 8 + (0 - (-1 + -6) - (-136 + 137)).
14
What is -2 + 2 + 7 + 3 + -5?
5
Evaluate 2 + -11 + -2 - (-255 + 250).
-6
What is -20 + 14 + (1 - (8 + -17)) + -5?
-1
3 + ((-6 - -14) + -9 - (-5 - -1))
6
What is the value of -12 + (-15 - (-48 + 21)) + 3 + 0?
3
Calculate 46 - (5 - (-31 + -2)).
8
What is the value of -2 - ((5 - 17) + 1 + -3 + 8)?
4
What is the value of 31 + (-15 + 13 - 11)?
18
What is -1 + 4 + 0 - (1890 - 1892)?
5
Calculate 1 - (7 - 0) - -9 - 14.
-11
What is the value of (19 - (20 - -9)) + 18 + -28 + 1?
-19
What is the value of (5 - (1 + 4)) + 4?
4
What is -11 + 4 + -7 + 4?
-10
Evaluate -16 - 2 - (-22 - -6).
-2
Calculate 15 + (9 + -26 - -6).
4
What is (3 + -2 - 7) + 4 + 1 + 5?
4
-10 + (-15 - -5) + 8
-12
What is the value of (89 - 89) + (1 + -8 - 0) + 3?
-4
What is -7 + (8 - 4) + -9 + 7?
-5
3 + -18 - (10 - (17 + -17))
-25
Calculate (-15 - (7 - 8 - 7)) + 19 + 0.
12
Evaluate (12 + -5 - (1 - 0)) + 19 - 6.
19
(-52 - -58) + (-3 - -11)
14
What is the value of 6 + -17 - 12 - -10?
-13
6 - -3 - (-17 - -1 - -42)
-17
Calculate (-7 - (3 - (19 + -5))) + 0.
4
What is (1 - 4) + (22 - 13 - -11) + 5?
22
Calculate 7 - 9 - ((0 - -6) + -7 + 1).
-2
Calculate 11 + -28 - ((2 - 0) + -2).
-17
Evaluate -1 + -9 + (-7 - -2) - (1 + -11).
-5
Calculate 2 + -57 - (1068 - 1103).
-20
Evaluate 0 + -10 + (-6 - (-8 + -3)).
-5
Evaluate -3 + -28 + 36 + (0 - 0).
5
What is the value of -5 + -2 - (-7 + (5 - 2))?
-3
Evaluate (15 - 29) + 12 + (3 - 2).
-1
What is the value of (27 - 19) + 4 + -4 + -11?
-3
Calculate 6 + (-15 - -31) + (5 - 16) + 18.
29
What is the value of (-17 - 7 - 3) + (-13 - -11) + 6?
-23
Calculate 7 - (-3 - -8) - 1.
1
Evaluate -32 + (28 - -11) - 11.
-4
-28 - 2 - ((-11 + 2 - 3) + 5)
-23
What is the value of -3 - -17 - (32 + -30)?
12
What is 4 + (1 - -3) - (8 - (2 - 0))?
2
Evaluate 13 + -21 + 11 - (12 + -3).
-6
Calculate 6 - (1 + 32) - (51 - 45).
-33
Calculate (-5 - (-10 + 17)) + -3 - -10.
-5
Evaluate -11 + (-7 + 0 - -11) + (-1 - -6).
-2
(29 - 43) + (-3 - (-32 + 4))
11
What is -17 + (18 - 0) + -1?
0
Calculate (-10 + 13 + 3 - 31) + 10.
-15
-7 - (-10 - (14 - 28))
-11
What is the value of 1 + -3 - -21 - 14?
5
Evaluate -433 - -428 - (4 + -1).
-8
What is the value of 2 - -1 - ((-14 - -35) + -27)?
9
What is the value of -25 + -2 + (-87 - -89)?
-25
What is the value of 16 + (-50 - 0) + 12?
-22
What is 11 + 2 + 19 + -3 + -34?
-5
What is the value of 52 + -33 + (-2 - 6) - (8 + 0)?
3
What is -3 + 21 + -34 + -2?
-18
Evaluate -16 + (-12 - 1 - -15) - 6.
-20
Calculate (-41 - (-14 - 8)) + 5 + -1.
-15
What is (3 - ((-1 - 1) + -11)) + (-339 - -339)?
16
(-4 - -18) + (-4 - (3 + (-8 - 3)))
18
18 - (-27 + 44 + 11)
-10
What is the value of -3 - (-5 + 0 + 4) - 2?
-4
What is (-2 - -16) + (-66 - -57)?
5
What is (3039 - 3035) + (9 - 0) + 1?
14
26 - ((35 - 13) + 7)
-3
Evaluate (-7 + 4 - -8 - -1) + 82 + -104.
-16
What is (-1 - -4) + -10 + 12 + 0?
5
What is 1 - 14 - (267 - 299)?
19
Calculate 18 + -11 + -14 + -7.
-14
Calculate (45 - 32 - (3 + 27)) + 1 + -5.
-21
What is the value of 17 + -3 + (-462 - -482)?
34
What is the value of 4 + (25 + -63 - -47)?
13
Evaluate 0 + (0 - -1 - -4) + (11 - 20).
-4
Calculate (-10 - (-4 + 3 + -16)) + -24 + -5.
-22
Calculate (7 - 6) + 0 - (5 - (-4 - -7)).
-1
What is (35 - 40 - (-11 + 1)) + -5 + 5?
5
What is 2 + (552 - 537) + (3 - (0 - 1))?
21
What is 10 - (-15 + (13 + 6 - 16))?
22
Evaluate 12 - (-6 + -7 + 7 - -11) - 14.
-7
Evaluate (-17 - -3) + (2 - (-2 + 5 + -4)).
-11
-1 + 1 - (-92 - -94)
-2
Evaluate -26 - (-3 - 10 - -5 - -5).
-23
Calculate (7 + -1 - 10) + (0 - -6).
2
Calculate 32 - 7 - (46 - 33).
12
What is the value of 38 + (15 - 44 - -13)?
22
Evaluate 20 + -33 + 32 + -46.
-27
Calculate -29 - -38 - (8 + -7).
8
-423 + 424 - (-1 + -2 + 0)
4
Evaluate (-21 + 0 - (20 + -33)) + 11.
3
What is -34 + 1 - (640 - 666)?
-7
Evaluate -36 - (-62 - -43) - (0 - 16).
-1
Calculate 0 + -15 + -113 + 123.
-5
8 - -12 - (-22 - -48)
-6
What is the value of (5 - 7) + (4 - (-1 + 3) - 1)?
-1
-12 + 0 + (52 - 53) + -1 + 7
-7
Calculate (-1 - -4) + -13 + (-532 - -519).
-23
What is the value of 775 - 743 - (50 + -2)?
-16
Calculate 19 + 1 - (60 - 37).
-3
What is the value of -3 + 6 + 13 - (19 + -17)?
14
What is (2 - 12) + 0 + (19 - -11)?
20
What is the value of 17 - (-28 + 61 + -12)?
-4
Calculate -56 + 42 + (0 - -1 - (0 - 6)).
-7
(7 + 5 - (4 - 10)) + -3
15
2 - -1 - (29 - 20 - 7)
1
What is the value of (-1 + 0 - 6) + -308 + 318?
3
What is the value of 0 - -17 - (27 + -2)?
-8
What is the value of (9 - 1) + 28 + -22 + -13?
1
What is the value of -11 - 0 - (57 + -65 - (-2 + -1))?
-6
Evaluate (10 - 2 - -11) + 39 + -65.
-7
Evaluate 8 - (6 - 0) - 8 - (3 + 4).
-13
What is the value of (12 - 24) + -45 + 20?
-37
What is 8 + -11 - (-2 - -4 - (3 - 6))?
-8
What is the value of (9 - (-9 + 34)) + -9 - (9 - 7)?
-27
What is the value of (-5 - -1) + 0 + (-24 - -28)?
0
(-8 - -19 - 18) + (0 - 2) + 21
12
Calculate -10 - -3 - (16 - (27 - 26)).
-22
-2 + (2 + 0 - -2) + (-2 - -6)
6
What is -4 - (9 + (-9 - -7))?
-11
(-191 - -196) + (-1 - 1 - (2 + 0))
1
What is (-14 - 18) + 37 - (21 - (0 - 1))?
-17
What is -3 + -13 - (-30 + -15 - 0)?
29
What is 0 + 3 - (0 + 1 - (114 + -118))?
-2
What is the value of 36 - (28 + 20 - 1)?
-11
What is the value of -5 + -4 + 18 + (-5 - (-3 + 24))?
-17
Calculate -10 - ((12 - (3 + -1)) + -8).
-12
What is the value of 7 + (10 - 22) + -1?
-6
Evaluate 2 - -17 - 26 - -27.
20
Calculate 0 + 10 + -34 - (3 - (2 + 6)).
-19
What is the value of -13 - (-13 - (-1 + -5))?
-6
0 - 6 - ((-22 - -37) + -19)
-2
Calculate 7 - ((3 - 4) + -17 + 15).
10
30 + -17 + (-17 - 1)
-5
What is the value of -41 + 43 + (-1 + -5 - 0) + 9?
5
What is the value of (308 - 306) + 0 + (3 - 1 - 19)?
-15
Evaluate 28 - 15 - (1 - 24 - -4).
32
Calculate 411 - 416 - (1 + -5).
-1
What is the value of 8 + -61 + 27 - -38?
12
What is -16 - ((0 - -18) + 2)?
-36
(-47 - -43) + (1 - -1)
-2
-3 - 0 - (-1 + 19)
-21
Calculate -30 - (15 - (4 + 28)).
-13
-11 + 3 + -6 + 16 + 2
4
1 + -1 + -1 + -3 + (5 - 15)
-14
(-7 - (6 + -14)) + -2
-1
What is the value of -16 - (34 - 16) - -37?
3
What is the value of 7 + -13 - -14 - 12?
-4
8 + (-3 + 15 + -3 - 16)
1
-233 + 205 - (1 - 50)
21
(2 - 1) + -7 - (-4 + -2 + 5)
-5
What is the value of -5 + 0 - (4 - (4 + 6 + -2))?
-1
What is the value of 175 + -167 + -12 + 1?
-3
Evaluate 9 - (10 + -6 + 0) - -5.
10
Evaluate 22 - 12 - (7 + 10).
-7
Calculate 18 + 1 - (-28 + 22 - -9).
16
What is -8 - (11 - 26 - -10)?
-3
-5 + 9 + (10 - 10)
4
(-9 + -9 - -11 - 8) + 34
19
What is -32 - (-43 + 70 + -81)?
22
What is -180 + 156 - (-63 + 0)?
39
What is the value of (3 - -2) + (-1 - (3 - 1))?
2
Evaluate 67 + -71 + 3 + -2 + 1.
-2
What is 24 + 1 - (-12 + -13 + -3 + 34)?
19
Calculate 44 + -39 + (1 - 4) + 2 + -6.
-2
Evaluate (-6 - 5) + 25 + -2.
12
-88 - -86 - (17 + -2)
-17
What is the value of 12 - (-78 + 76 + (-4 - -1) + 2)?
15
What is the value of (10 - -3 - 18) + 16 + -38?
-27
What is (7 + (-14 - -10) - 5) + 1?
-1
(